 highest common factor of y and i.
6
Let n be 1*13/((-52)/(-144)). Suppose 0 = -3*z - 2*k + 35 + 35, 0 = 3*z + k - 71. What is the highest common divisor of z and n?
12
Let a be (-1 - -28)/((-1)/(-2)). Suppose a = 4*f - 18. What is the highest common divisor of f and 18?
18
Let f(h) = h**2 + 2*h - 5. Let j be f(-4). Suppose j*l + 3*p = 36, -3*l + 0*p = p - 42. What is the greatest common divisor of 90 and l?
15
Suppose 4*j - 3*j - 126 = 0. Suppose -3*v = -v - 28. Calculate the greatest common divisor of v and j.
14
Suppose 6*f = 9*f - 15. What is the greatest common factor of f and 45?
5
Suppose 2*h = 2*k - 3*h - 24, -3*k = -2*h - 14. Let y be -8*1*k/(-2). Let u = y - -42. What is the greatest common factor of u and 10?
10
Let o = -207 - -361. What is the greatest common factor of 22 and o?
22
Let c be (-20)/((-2)/(0 - -2)). What is the highest common divisor of c and 40?
20
Suppose 0*s - v = 5*s - 11, 5*v + 11 = -3*s. Let u = 11 + -8. What is the highest common factor of u and s?
3
Suppose -4*o + 0*o + 12 = 0. Suppose x - 7 = o. What is the greatest common divisor of x and 15?
5
Let g = 25 - -11. Suppose -g = -2*u + 20. Calculate the highest common factor of 4 and u.
4
Let j(w) = 5*w - 2*w**2 + 5*w**2 + 2 + 3*w**3 - 3*w. Let m be j(-2). Let z be (3/2 - 2)*m. Calculate the highest common divisor of 77 and z.
7
Let r = -47 - -64. What is the greatest common factor of r and 51?
17
Let w be 39/(-26) - (-7)/2. Calculate the greatest common divisor of w and 16.
2
Suppose 0 = 4*s - 145 - 11. What is the highest common factor of s and 26?
13
Suppose -371 = -6*n + 49. Calculate the highest common divisor of n and 21.
7
Let k be (-5)/(-5) - (-6)/2. Let q = -15 + k. Let l = 7 - q. What is the highest common divisor of 9 and l?
9
Suppose 4*v + 2*k = -4, -2*v + 14 = -4*v - 4*k. Calculate the highest common divisor of 7 and v.
1
Let k = -60 - -105. Let s(j) = -j**2 - 2*j + 3. Let o be s(-3). Suppose 2*d + 3*y = 18, 4*d + 2*y + o = 36. Calculate the highest common factor of d and k.
9
Suppose 5*s + 0*z - 35 = 5*z, 5*s = -5*z + 15. Suppose b - 23 = -3*t - s, 44 = 4*b + 5*t. Calculate the greatest common factor of 3 and b.
3
Let q be ((-111)/(-66) + (-2)/11)*60. What is the greatest common divisor of q and 9?
9
Let r be ((-44)/(-8))/(1/(-6)). Let l = -11 - r. What is the highest common factor of l and 242?
22
Suppose -s = 4*s - 60. Let w = -6 + s. Let a = -45 - -87. Calculate the greatest common factor of w and a.
6
Let j(u) = -u - 12. Let z be j(-21). What is the greatest common divisor of 81 and z?
9
Let k = 3 - 1. Suppose -2*o + 195 = k*o + 5*l, -3*l + 9 = 0. Calculate the highest common divisor of o and 5.
5
Let u be (-2 - -7)*-1*-5. What is the greatest common factor of u and 125?
25
Suppose -i + 5 = 2, 2*i = 5*c - 54. Let v be -1*10*(-216)/20. What is the greatest common factor of c and v?
12
Suppose 5*k - n = 221, -2*k + 2*n + 90 = -0*n. What is the greatest common factor of 154 and k?
22
Suppose -6*p + 3*p - 4*q = -13, -p - 3*q + 6 = 0. What is the greatest common divisor of p and 33?
3
Suppose -8*r + 3*r = -4*v - 67, 0 = -4*r - 4*v + 68. What is the greatest common divisor of 3 and r?
3
Suppose v - 4*f - 5 = 1, 0 = -2*v - 3*f + 34. What is the highest common factor of 182 and v?
14
Let c = 12 + -7. Suppose j - 313 = -3*h, -2*j = c*h - 648 + 126. Suppose 5*t - t - h = 0. Calculate the highest common divisor of 234 and t.
26
Let u = 5 + 5. What is the greatest common divisor of 5 and u?
5
Let g(f) = f**2 + 10*f. Let b be g(-15). Calculate the greatest common factor of b and 15.
15
Let p be 490/25 + (2 - 26/10). What is the greatest common factor of p and 114?
19
Let s(b) = -b**3 - 6*b**2 + 6*b + 3. Let t be s(-7). Let k = 4 + -1. Let n be (-1)/k + (-14)/(-6). What is the highest common factor of n and t?
2
Let v be 0*((-7)/(-2))/7. Suppose -4 = -2*p + 5*z, -2*p = 2*z - v - 32. What is the highest common divisor of p and 108?
12
Let k(g) = g**2 + 8*g + 12. Let o be k(-8). Let s be 165/o*-2*-2. Suppose -3*n + 12 = -2*x - 64, 73 = 4*n + 3*x. What is the highest common factor of s and n?
11
Let u be (-1)/2*(10 - 6). Let v = u - -1. Let g be 16 - v/(2/(-6)). What is the greatest common divisor of g and 117?
13
Let u = 16 - -1. Let a(d) = 8*d. Let r be a(-7). Let z = -22 - r. Calculate the greatest common factor of u and z.
17
Let j(l) = 4*l**3 + l**2 + l - 1. Let k be j(1). Suppose 4*u - 20 = -q + 9, -34 = -k*u + q. What is the highest common divisor of 77 and u?
7
Let n be -4 + -4 + 232/2. Calculate the greatest common factor of n and 12.
12
Suppose 4*s - 351 = 5*p, -3*s = -3*p - 179 - 82. Calculate the greatest common factor of s and 28.
28
Suppose -5*m + 96 - 11 = 0. Suppose 47 = o - m. What is the greatest common divisor of o and 8?
8
Suppose 5*x + 4*c - 169 = 0, -c = -2*x + 3*c + 62. Calculate the highest common divisor of 11 and x.
11
Suppose -4*n + 68 = -0*n. Suppose -19 + 937 = 18*o. What is the highest common factor of o and n?
17
Let r(c) = 22*c**2 - c - 4. Let f be r(3). Let s = f + -114. What is the highest common divisor of 11 and s?
11
Suppose 0 = -y - 4*y + 40. Suppose -c = -y - 4. What is the greatest common divisor of 12 and c?
12
Let p(o) be the second derivative of o**3/6 + 3*o**2/2 + 2*o. Let j be p(5). What is the greatest common factor of j and 8?
8
Suppose 2*i - 5*i = -27. Suppose -5*y = -3*k - i, -2*y + 6*y = 3*k + 6. Let r = -38 + 62. Calculate the highest common divisor of r and y.
3
Let n be (5/15)/(2/30). Suppose n*p = 10 + 50. Calculate the highest common divisor of 36 and p.
12
Let l = -90 - -91. Calculate the highest common factor of 1 and l.
1
Let a = -5 - -55. Suppose 2*m - a = -2*p + 4*p, 0 = -3*m + 5*p + 75. Calculate the greatest common factor of m and 10.
5
Let a be 802/8 + (4 + -5)/4. What is the highest common divisor of a and 75?
25
Suppose -7 = 2*h + 7. Let o be (-7 - h)/(0 - 1). Suppose o = 2*k + 2*k - 28. Calculate the greatest common factor of 56 and k.
7
Suppose 4*x - 8*x + 180 = 0. Calculate the greatest common divisor of 30 and x.
15
Suppose -2*m - 5*l + 87 = -0*l, 4*l = m - 24. Calculate the greatest common factor of 16 and m.
4
Suppose -3*r - 2*p + 93 = 0, -2*p + 60 = 5*r - 3*r. Suppose 2*i - 2*o = 7*i - 17, -5*i = -5*o - 10. What is the greatest common divisor of r and i?
3
Let w = 11 - 3. Let y(h) = h**2 - 9*h + 12. Let g be y(w). Suppose 3*t - g*t - 4*a = -30, 5*a + 99 = 2*t. Calculate the highest common divisor of t and 28.
14
Let d = -3 + 3. Suppose 4*a - 20 = -d*a. Suppose 0*k - 15 = -a*k. Calculate the greatest common divisor of 15 and k.
3
Suppose 0 = -3*r - 4*s + 17, 12 = r + 5*s - 1. Calculate the highest common factor of r and 3.
3
Let b = -8 + 20. Calculate the greatest common divisor of 4 and b.
4
Suppose -2*o = 4*f - 20, o + 0*o + 3*f = 6. Calculate the highest common divisor of o and 27.
9
Suppose 0*b = -5*b + 4*c + 76, -4*b = c - 65. What is the greatest common factor of b and 16?
16
Suppose 3*h = -u + 73, -3*u = -h - 2*h + 69. What is the highest common divisor of 16 and h?
8
Let m be ((-72)/27)/(2/(-3)). Suppose 2*w + 28 = m*w. Calculate the highest common divisor of 98 and w.
14
Suppose -3*l - 2*l + 30 = 0. Suppose -8 = -2*o + l. What is the highest common factor of o and 7?
7
Suppose 0 = -0*z - 7*z + 196. What is the highest common divisor of 28 and z?
28
Suppose 7 = 2*w + 4*x - 23, -32 = -4*w - x. Let u(z) = -z**3 - z**2 + 3*z - 4. Let o be u(3). Let y = 94 + o. Calculate the highest common factor of y and w.
7
Let i(d) = d**2 - d + 6. Let u(n) = -n + 1. Let q be u(-1). Let y be q/(-4)*(1 + -1). Let j be i(y). Calculate the greatest common divisor of 6 and j.
6
Let d = -20 - -56. What is the highest common divisor of d and 48?
12
Suppose -3*c + 38 = -c. Calculate the highest common factor of 76 and c.
19
Suppose -4*g + 27 = 3*p + 2*p, -4*p - 20 = 0. Suppose 0 = -2*d + 41 + 245. What is the greatest common divisor of g and d?
13
Suppose -76 = -9*l + 14. What is the greatest common factor of l and 40?
10
Let g(z) = 4*z**3 + 4*z**2 + z - 2. Let m be g(-2). Let f be m/4*1/(-1). Calculate the greatest common factor of f and 5.
5
Let k = -2 + 4. Suppose 4 = 2*u + s - 0, -s = 5*u - 16. What is the highest common factor of k and u?
2
Let r(v) = 2*v**2 + 7*v - 6. Let j(q) = -q**2 - q. Let s(k